[INFO] fetching crate functional 0.0.7...
[INFO] checking functional-0.0.7 against master#af3c6e733a40e671550e0f0f5aeecaa13772ba56 for pr-74989
[INFO] extracting crate functional 0.0.7 into /workspace/builds/worker-6/source
[INFO] validating manifest of crates.io crate functional 0.0.7 on toolchain af3c6e733a40e671550e0f0f5aeecaa13772ba56
[INFO] running `Command { std: "/workspace/cargo-home/bin/cargo" "+af3c6e733a40e671550e0f0f5aeecaa13772ba56" "read-manifest" "--manifest-path" "Cargo.toml", kill_on_drop: false }`
[INFO] started tweaking crates.io crate functional 0.0.7
[INFO] finished tweaking crates.io crate functional 0.0.7
[INFO] tweaked toml for crates.io crate functional 0.0.7 written to /workspace/builds/worker-6/source/Cargo.toml
[INFO] running `Command { std: "/workspace/cargo-home/bin/cargo" "+af3c6e733a40e671550e0f0f5aeecaa13772ba56" "generate-lockfile" "--manifest-path" "Cargo.toml" "-Zno-index-update", kill_on_drop: false }`
[INFO] running `Command { std: "/workspace/cargo-home/bin/cargo" "+af3c6e733a40e671550e0f0f5aeecaa13772ba56" "fetch" "--locked" "--manifest-path" "Cargo.toml", kill_on_drop: false }`
[INFO] [stderr]     Blocking waiting for file lock on package cache
[INFO] running `Command { std: "docker" "create" "-v" "/var/lib/crater-agent-workspace/builds/worker-6/target:/opt/rustwide/target:rw,Z" "-v" "/var/lib/crater-agent-workspace/builds/worker-6/source:/opt/rustwide/workdir:ro,Z" "-v" "/var/lib/crater-agent-workspace/cargo-home:/opt/rustwide/cargo-home:ro,Z" "-v" "/var/lib/crater-agent-workspace/rustup-home:/opt/rustwide/rustup-home:ro,Z" "-e" "SOURCE_DIR=/opt/rustwide/workdir" "-e" "CARGO_TARGET_DIR=/opt/rustwide/target" "-e" "CARGO_HOME=/opt/rustwide/cargo-home" "-e" "RUSTUP_HOME=/opt/rustwide/rustup-home" "-w" "/opt/rustwide/workdir" "-m" "1610612736" "--user" "0:0" "--network" "none" "rustops/crates-build-env@sha256:d92eaeed33fa75130ca1ee6c8a01d1ffb62bac859dfdfb3450e3e5d1c0146529" "/opt/rustwide/cargo-home/bin/cargo" "+af3c6e733a40e671550e0f0f5aeecaa13772ba56" "metadata" "--no-deps" "--format-version=1", kill_on_drop: false }`
[INFO] [stdout] 870811253dff2594e2957877833cdca06948b093905151a06daace32df0642d0
[INFO] [stderr] WARNING: Your kernel does not support swap limit capabilities or the cgroup is not mounted. Memory limited without swap.
[INFO] running `Command { std: "docker" "start" "-a" "870811253dff2594e2957877833cdca06948b093905151a06daace32df0642d0", kill_on_drop: false }`
[INFO] running `Command { std: "docker" "inspect" "870811253dff2594e2957877833cdca06948b093905151a06daace32df0642d0", kill_on_drop: false }`
[INFO] running `Command { std: "docker" "rm" "-f" "870811253dff2594e2957877833cdca06948b093905151a06daace32df0642d0", kill_on_drop: false }`
[INFO] [stdout] 870811253dff2594e2957877833cdca06948b093905151a06daace32df0642d0
[INFO] running `Command { std: "docker" "create" "-v" "/var/lib/crater-agent-workspace/builds/worker-6/target:/opt/rustwide/target:rw,Z" "-v" "/var/lib/crater-agent-workspace/builds/worker-6/source:/opt/rustwide/workdir:ro,Z" "-v" "/var/lib/crater-agent-workspace/cargo-home:/opt/rustwide/cargo-home:ro,Z" "-v" "/var/lib/crater-agent-workspace/rustup-home:/opt/rustwide/rustup-home:ro,Z" "-e" "SOURCE_DIR=/opt/rustwide/workdir" "-e" "CARGO_TARGET_DIR=/opt/rustwide/target" "-e" "CARGO_INCREMENTAL=0" "-e" "RUST_BACKTRACE=full" "-e" "RUSTFLAGS=--cap-lints=forbid" "-e" "CARGO_HOME=/opt/rustwide/cargo-home" "-e" "RUSTUP_HOME=/opt/rustwide/rustup-home" "-w" "/opt/rustwide/workdir" "-m" "1610612736" "--user" "0:0" "--network" "none" "rustops/crates-build-env@sha256:d92eaeed33fa75130ca1ee6c8a01d1ffb62bac859dfdfb3450e3e5d1c0146529" "/opt/rustwide/cargo-home/bin/cargo" "+af3c6e733a40e671550e0f0f5aeecaa13772ba56" "check" "--frozen" "--all" "--all-targets" "--message-format=json", kill_on_drop: false }`
[INFO] [stdout] 04efce57683982d6ece56e501ea2959141fbe09f3ddbb79bf278d1dc4f7a8c82
[INFO] [stderr] WARNING: Your kernel does not support swap limit capabilities or the cgroup is not mounted. Memory limited without swap.
[INFO] running `Command { std: "docker" "start" "-a" "04efce57683982d6ece56e501ea2959141fbe09f3ddbb79bf278d1dc4f7a8c82", kill_on_drop: false }`
[INFO] [stderr]     Checking functional v0.0.7 (/opt/rustwide/workdir)
[INFO] [stdout] error[E0433]: failed to resolve: could not find `Zero` in `num`
[INFO] [stdout]   --> src/algebra/ops.rs:45:20
[INFO] [stdout]    |
[INFO] [stdout] 45 |         <T as num::Zero>::zero()
[INFO] [stdout]    |                    ^^^^ could not find `Zero` in `num`
[INFO] [stdout] 
[INFO] [stdout] 
[INFO] [stdout] error[E0433]: failed to resolve: could not find `One` in `num`
[INFO] [stdout]    --> src/algebra/ops.rs:128:20
[INFO] [stdout]     |
[INFO] [stdout] 128 |         <T as num::One>::one()
[INFO] [stdout]     |                    ^^^ could not find `One` in `num`
[INFO] [stdout] 
[INFO] [stdout] 
[INFO] [stdout] error[E0433]: failed to resolve: could not find `Zero` in `num`
[INFO] [stdout]   --> src/algebra/ops.rs:45:20
[INFO] [stdout]    |
[INFO] [stdout] 45 |         <T as num::Zero>::zero()
[INFO] [stdout]    |                    ^^^^ could not find `Zero` in `num`
[INFO] [stdout] 
[INFO] [stdout] 
[INFO] [stdout] error[E0405]: cannot find trait `Zero` in module `num`
[INFO] [stdout]   --> src/algebra/ops.rs:42:19
[INFO] [stdout]    |
[INFO] [stdout] 42 |     where T: num::Zero + ops::Add<Output = T>
[INFO] [stdout]    |                   ^^^^ not found in `num`
[INFO] [stdout] 
[INFO] [stdout] 
[INFO] [stdout] error[E0405]: cannot find trait `One` in module `num`
[INFO] [stdout]    --> src/algebra/ops.rs:125:19
[INFO] [stdout]     |
[INFO] [stdout] 125 |     where T: num::One + ops::Mul<Output = T>
[INFO] [stdout]     |                   ^^^ not found in `num`
[INFO] [stdout] 
[INFO] [stdout] 
[INFO] [stdout] error[E0433]: failed to resolve: could not find `One` in `num`
[INFO] [stdout]    --> src/algebra/ops.rs:128:20
[INFO] [stdout]     |
[INFO] [stdout] 128 |         <T as num::One>::one()
[INFO] [stdout]     |                    ^^^ could not find `One` in `num`
[INFO] [stdout] 
[INFO] [stdout] 
[INFO] [stdout] error[E0405]: cannot find trait `Zero` in module `num`
[INFO] [stdout]   --> src/algebra/ops.rs:42:19
[INFO] [stdout]    |
[INFO] [stdout] 42 |     where T: num::Zero + ops::Add<Output = T>
[INFO] [stdout]    |                   ^^^^ not found in `num`
[INFO] [stdout] 
[INFO] [stdout] 
[INFO] [stdout] error[E0405]: cannot find trait `One` in module `num`
[INFO] [stdout]    --> src/algebra/ops.rs:125:19
[INFO] [stdout]     |
[INFO] [stdout] 125 |     where T: num::One + ops::Mul<Output = T>
[INFO] [stdout]     |                   ^^^ not found in `num`
[INFO] [stdout] 
[INFO] [stdout] 
[INFO] [stdout] error: aborting due to 4 previous errors
[INFO] [stdout] 
[INFO] [stdout] 
[INFO] [stdout] Some errors have detailed explanations: E0405, E0433.
[INFO] [stdout] 
[INFO] [stdout] For more information about an error, try `rustc --explain E0405`.
[INFO] [stdout] 
[INFO] [stdout] error: aborting due to 4 previous errors
[INFO] [stdout] 
[INFO] [stdout] 
[INFO] [stdout] Some errors have detailed explanations: E0405, E0433.
[INFO] [stdout] 
[INFO] [stdout] For more information about an error, try `rustc --explain E0405`.
[INFO] [stdout] 
[INFO] [stderr] error: could not compile `functional`.
[INFO] [stderr] 
[INFO] [stderr] To learn more, run the command again with --verbose.
[INFO] [stderr] warning: build failed, waiting for other jobs to finish...
[INFO] [stderr] error: build failed
[INFO] running `Command { std: "docker" "inspect" "04efce57683982d6ece56e501ea2959141fbe09f3ddbb79bf278d1dc4f7a8c82", kill_on_drop: false }`
[INFO] running `Command { std: "docker" "rm" "-f" "04efce57683982d6ece56e501ea2959141fbe09f3ddbb79bf278d1dc4f7a8c82", kill_on_drop: false }`
[INFO] [stdout] 04efce57683982d6ece56e501ea2959141fbe09f3ddbb79bf278d1dc4f7a8c82
